 the greatest common divisor of y and k.
35
Let k = -6 - -34. Suppose -5*l + 4*q + 51 = 0, 4*l + 0*l - 16 = -3*q. Calculate the greatest common divisor of k and l.
7
Let z = 444 - 409. Calculate the highest common divisor of z and 280.
35
Let n = -9 - -10. Let y be 3 + -1 + n - 11. Let v be 1/y*-10*4. What is the highest common factor of v and 20?
5
Let b be 8/6 - 160/48. Let u(s) = -13*s + 1. Let z be u(b). Suppose -3*p = 3*t - 12, 2*p - t + 7 = -6*t. What is the greatest common divisor of p and z?
9
Let f(m) = -4*m + 87. Let p be f(-32). Calculate the greatest common divisor of 15 and p.
5
Let r = -29 + 285. Suppose b - r = -85. Let p(c) = 8*c - 13. Let l be p(4). Calculate the highest common factor of b and l.
19
Let a be (-36)/(-84) + -4*5442/(-168). Calculate the highest common factor of a and 70.
10
Suppose -2*t + 1 = 3*a - 13, -2*t = a - 6. Let p be -2*2/(-12)*15*2. What is the greatest common divisor of p and a?
2
Suppose 24*u - 22*u - 42 = 0. What is the greatest common divisor of 6 and u?
3
Let n be (-4)/(-16) + 2/(-8). Suppose n = 3*w + 1 - 7. Suppose -2 = -p, w*h - 2*p + 47 = 143. Calculate the highest common factor of h and 20.
10
Suppose 4 + 0 = v. Let q be v/((-9)/(-3) - 1). Calculate the greatest common divisor of q and 6.
2
Let i be (25/(-3) + -1)*(92 - 95). What is the highest common divisor of 42 and i?
14
Let v(l) = -l**3 - 3*l**2 + 7*l + 13. Let n be v(-7). Let x = n + -112. Suppose 0 = -7*p + 11*p - x. Calculate the greatest common factor of p and 132.
12
Let z = 122 - 66. What is the greatest common factor of z and 98?
14
Suppose 0 = -9*u + 4*u - 5. Let w = 7 + u. Suppose -5*z + b + 74 = 0, -3*z + 4*b = -w*z + 49. What is the highest common factor of 3 and z?
3
Suppose 0 = 3*u - 2*j - 8, -5*u - 3 = 4*j - 9. Let d be ((-2)/3*-39)/u. Suppose -d = -3*t + 5. Calculate the greatest common divisor of t and 6.
6
Suppose 0 = -2*w + 1 + 15. Suppose y - w = 69. What is the greatest common factor of 11 and y?
11
Let g(d) = -2*d + 82. Let c be g(29). Let l = c - -24. What is the greatest common factor of 6 and l?
6
Let q = 97 + 33. Let w(v) = -v**3 - 5*v**2 + 5*v - 4. Let h be w(-6). Suppose -h*y - 78 = -5*y. What is the greatest common divisor of q and y?
26
Let y = -367 - -370. What is the highest common divisor of y and 6?
3
Let a be 6/9*9 + 5. Calculate the highest common divisor of 440 and a.
11
Let r(z) = 6*z - 10. Let q be r(6). Calculate the greatest common divisor of 104 and q.
26
Let q = -35 + 43. Suppose -i - 5*w = -20, 0 = 3*i - q*i - 5*w + 60. Let u(r) = 3*r**2 - 5*r - 2. Let g be u(-3). What is the greatest common factor of g and i?
10
Let p be 252/168 + 1/(4/638). Calculate the greatest common factor of 7 and p.
7
Let l be 8/28 + 183/21. Suppose 4*z + 2*b + 110 = 0, 2*b - 5 = 1. Let j = -11 - z. What is the greatest common factor of l and j?
9
Let n = 30 - 6. Suppose 0 = -0*f - 3*f + 48. Calculate the highest common divisor of f and n.
8
Let y be (-2)/(-1) + (0 - 0). Let i = 4 + y. Suppose 2*v = i - 4. Calculate the highest common factor of v and 1.
1
Let p be 3/9*(-1 + 13). Suppose -p = 5*u - 14. What is the highest common factor of u and 2?
2
Suppose -3*p + 82 = 7. Let s = p - 18. Let r = -5 + s. Calculate the highest common factor of r and 4.
2
Suppose 204 = 5*r + m - 533, -5*r + 5*m + 755 = 0. What is the greatest common factor of r and 4?
4
Let l(t) = -18*t - 2. Let i be l(-1). Let v be -2 + 2 - -6*11. Let c be v/9 + 4/6. Calculate the greatest common factor of c and i.
8
Let g be (3 + -5)/(3/(-12)). Suppose 0 = 15*a - 13*a - g. What is the greatest common divisor of a and 28?
4
Suppose 0 = -5*n + n + 24. Suppose r + 0 = n. Let z(w) = -w + 19. Let v be z(r). What is the highest common divisor of 78 and v?
13
Let l = -13 + 11. Let f be (6 + l)*(-3)/4. Let c(i) = -i**3 - 2*i**2 - 4*i - 3. Let j be c(f). Calculate the greatest common factor of j and 6.
6
Suppose 8*o - 95 = 3*o. Let p(f) = -f**3 + 3*f**2 + 6*f - 13. Let k be p(3). Suppose 0 = k*b - 289 - 91. Calculate the greatest common divisor of b and o.
19
Let r(y) = -y**3 - 4*y**2 + 8*y + 6. Let g be r(-6). Let h = -189 - -204. What is the greatest common divisor of g and h?
15
Let c be 2*15*(-24)/20. Suppose -110 - 154 = 2*z. Let p be 6/2*z/c. Calculate the greatest common factor of p and 44.
11
Let t be 0/(-2)*(-4)/8 - -63. Suppose 0 = 2*y - 3*y + t. What is the greatest common factor of 42 and y?
21
Let y(q) = 2*q**2 + 7*q - 6. Let l be y(1). Suppose g = -5*i - 11, l*g + 2*i - 37 = -2*g. What is the highest common factor of 6 and g?
3
Let c(y) = -9*y - 80. Let v be c(-15). Calculate the highest common factor of v and 10.
5
Let y be 4/(-32)*2 + (-1445)/(-20). What is the highest common factor of 120 and y?
24
Suppose -2*m = -12 - 28. What is the greatest common divisor of 220 and m?
20
Let o(c) = 14*c**3 - c**2 - 10*c + 14. Let t be o(2). Calculate the highest common divisor of t and 102.
102
Suppose 8*w = 181 - 85. Calculate the highest common factor of 192 and w.
12
Let w(s) = 2*s - 2. Let u be ((-8)/(-4) + -3)*0. Let q be w(u). Let l = 22 + q. Calculate the highest common factor of 40 and l.
20
Suppose -2*g - 3*g = 2*f - 17, -3*f + 4*g = 32. Let x be (-900)/(-84) - f/14. What is the highest common divisor of 143 and x?
11
Let x = 119 - 113. What is the greatest common divisor of x and 33?
3
Suppose 0 = x - 8*x + 609. Let h(k) = k**2 - 5*k + 15. Let t be h(7). What is the highest common divisor of t and x?
29
Let h(q) = -q**3 + 11*q**2 - 4*q - 17. Let y be h(8). What is the greatest common divisor of y and 33?
11
Let f be (-1)/((-12)/16)*-63. Let c = f - -124. What is the highest common factor of c and 30?
10
Let s be (3 + -3)/1 + 1. Let x be 0 - (-5 + s) - -8. Suppose 7*t - x*t + 110 = 0. Calculate the highest common divisor of t and 33.
11
Suppose 0 = 2*s - 4*s + 6. Let n be 48/30 - (-4)/10 - -1. What is the highest common divisor of s and n?
3
Suppose -5*i - 23 + 3 = -5*r, -r - 2*i + 4 = 0. Let v(m) = -8*m**2 - 41*m - 3. Let b be v(-5). Calculate the greatest common factor of r and b.
2
Let d = -33 - -61. Suppose 3*w - d = 23. Calculate the highest common factor of 51 and w.
17
Suppose -g - 68 = -84. Suppose 9*l = 6*l + 48. What is the highest common factor of g and l?
16
Suppose 5*w + 0*w = 5*g + 45, -3*g = -5*w + 33. Let j = 4 - g. What is the greatest common factor of j and 70?
10
Suppose 20 = j - 115. Suppose -143*l = -166*l + 1242. What is the greatest common factor of l and j?
27
Suppose -15*a + 13 = -32. What is the greatest common divisor of 33 and a?
3
Let j = -3 + 5. Suppose -7*y - j = -5*y. Let n be (-8)/8 + 79 + y. What is the highest common divisor of 11 and n?
11
Suppose 0*p + 2*m = 5*p, 0 = -2*p - 5*m + 29. Let u be (1 - 1)*(0 - 1). Suppose -3*j + 3 + 12 = u. Calculate the greatest common factor of j and p.
1
Let q be 267/(-12) - 10/(-40). Let h = 70 + q. What is the highest common factor of h and 32?
16
Suppose -3*k - 4*a + 42 = -42, 0 = k + 2*a - 30. Calculate the greatest common factor of 660 and k.
12
Let n = -503 + 523. Suppose 169 = -2*v + 809. What is the greatest common divisor of n and v?
20
Let f be (-1)/(2*1/(-6)). Suppose 0 = p + 3*p + 5*v - 26, -v + 6 = p. Suppose f*b - 8 = -3*g + 4, g + p = -3*b. Calculate the highest common factor of 48 and g.
8
Suppose 5*t - 2*l + 352 = l, 4*l = t + 67. Let g = -22 - t. Calculate the highest common factor of g and 7.
7
Let k(n) = 44*n**2 - 36*n - 5. Let y be k(2). Calculate the highest common divisor of 2277 and y.
99
Let y be 1142 - -7 - (21/(-3) + 4). Calculate the greatest common divisor of 16 and y.
16
Let o(z) = -z**3 + 22*z**2 + 29*z - 10. Let u be o(21). What is the greatest common divisor of 65 and u?
65
Suppose 2*g - 475 = 5*f, -8*g + 1255 = -3*g + f. Calculate the highest common divisor of g and 30.
10
Let r(q) = q**2 - 9*q + 14. Let v be r(12). What is the greatest common factor of v and 20?
10
Let t = 60 + -60. Suppose -5*w - 59 = -4*h, -25 = -2*h - t*w + w. Calculate the highest common factor of 22 and h.
11
Let p be 0 + (8/(-6))/(5/(-15)). Let t(s) = 2*s - 25. Let k be t(13). What is the highest common divisor of p and k?
1
Suppose -3*i + 4*i = 5*m - 29, 4*m - 19 = 5*i. What is the greatest common divisor of m and 93?
3
Let j = -74 - -92. Calculate the greatest common fact